u) = 20*u + 4. Let o(c) = 3*f(c) - 4*j(c). Let y(p) = p**2 - 8*p + 9. Let h be y(6). Is o(h) prime?
True
Suppose 225 = -3*z + 996. Is z a prime number?
True
Let u be 14/6 + (-4)/(-6). Suppose -12 = u*q - q. Is q/(-27) - (-266)/18 composite?
True
Let b = 472 + 225. Is b a composite number?
True
Let l(r) = 6*r**2 - 8*r - 13. Let g(n) = -n**2 + 1. Let q(z) = -z**3 + 3*z**2 - 2*z - 1. Let a be q(2). Let w(j) = a*l(j) - 5*g(j). Is w(7) a composite number?
True
Let a(j) = 53*j + 2. Let b be a(6). Let t = b + -97. Is t composite?
False
Let p(f) = 120*f**2 + 12*f + 2. Let d(a) = 40*a**2 + 4*a + 1. Let g(q) = 7*d(q) - 2*p(q). Is g(-2) a composite number?
True
Let h = -15 + -17. Let y = h + 55. Is y prime?
True
Is (-13746)/(-116) - (-2)/(-4)*-1 a composite number?
True
Let o = -327 - -614. Suppose z - 70 = j - 6*j, -4*j = 5*z - o. Is z a prime number?
False
Let z(s) = -s**2 - 7*s - 3. Let d be z(-6). Suppose -2*x = d*q - 8, 4*q - 12 = -3*x - 0*q. Suppose -5*w - x = 6, -2*a + 30 = -4*w. Is a a prime number?
True
Suppose a = 3*w - 6540, -5*a = 2*w + w - 6522. Is w prime?
True
Suppose -c + 309 = 18. Is c prime?
False
Is -3 + (-1 + 2 - (2 - 2177)) prime?
False
Is 74 - (-2*(-6)/4 + -3) composite?
True
Let d be (-6)/2 - (0 + -1266). Is d/6 - 2/(-4) a composite number?
False
Let j = 167 - 108. Is j a prime number?
True
Let u be 4/26 + (-118024)/(-104). Suppose -m + 4*a = -323, u = 4*m - 3*a - 144. Is m a prime number?
False
Let k(w) = -w**3 - w**2 + w - 77. Let p be k(0). Let s = 0 - p. Is s a prime number?
False
Is (-4 - 139/(-2))*2 composite?
False
Is (-10)/3*123/(-2) a prime number?
False
Let u(x) = -13*x**2 - 3*x - 3. Let v be u(-2). Let k = -12 - v. Is k a composite number?
False
Let d = 30 - -1. Is d a composite number?
False
Is -3 + (-4 - -538) + (2 - 4) prime?
False
Let s(r) = -r**2 - 4*r + 2. Suppose 7*q - 2*q + 20 = 0. Let i be s(q). Suppose 4*c + i*h - h = 489, -5 = -h. Is c a prime number?
False
Suppose -51 = y - 565. Suppose -f - 45 = -y. Is f a composite number?
True
Suppose -2*d + 6*d + 4*y - 10820 = 0, 0 = d + 2*y - 2703. Is d a composite number?
False
Let k be (-18)/12*(-4)/3. Suppose k*t = -t + 273. Is t prime?
False
Let p be (-2)/4 + 38/4. Let r = 48 + p. Is r a composite number?
True
Suppose 0 = -139*f + 134*f + 16825. Is f a prime number?
False
Suppose -6*c + 14605 = -10301. Is c prime?
False
Is (-2)/(1 - -1)*-991 prime?
True
Is 20/(-6)*(-42)/5 + 3 prime?
True
Is 5/((-10)/(-68)) + (2 - 1) a composite number?
True
Let c(d) = -d**2 + 2*d - 1. Let i be c(1). Let u = 2 + i. Suppose -21 = u*r - 3*r. Is r prime?
False
Let a(w) = 2*w**2 - 5*w - 2. Suppose -5*z + 1 + 19 = 0. Is a(z) composite?
True
Suppose -3*l + 292 = -l - 5*n, -2*l = 5*n - 272. Is 3*4/6 + l prime?
False
Suppose -3*h + 10 = -l, -l = -0*l + 1. Suppose -h*u = -5*n - 27, 0 = 3*u + 5*n - 42 - 15. Suppose 5*t + u = 129. Is t a prime number?
True
Let f(g) = -280*g + 29. Is f(-6) a prime number?
True
Let g be (-1758)/(-12)*4/2. Is -2 - (0 + -2 - g) composite?
False
Suppose -6*r + 2*r - a = 528, -3*a = -3*r - 396. Let k = r + 229. Suppose -2*q + 3*q - k = 0. Is q composite?
False
Let b = 120 + -68. Suppose q - 5*q + b = 0. Is q prime?
True
Let j(a) = 13*a**2 - 3*a - 5. Suppose 4*c + 32 = 3*m, 0 = -2*m + 5*m + 5*c - 41. Let w be (2/(-2))/((-3)/m). Is j(w) a prime number?
True
Is 4 - 755*(-7 + 2) composite?
False
Let w = 611 - 312. Is w a prime number?
False
Let y(x) be the third derivative of x**6/120 - 2*x**5/15 - x**4/3 - 3*x**3/2 + 2*x**2. Let c be y(9). Is 16 + (-1 - 2 - c) a prime number?
True
Is -3*(-1)/(-3)*-3511 a prime number?
True
Let p = 3080 - 611. Is p a composite number?
True
Let y(a) = 7*a**2 - 15*a + 31. Is y(14) prime?
True
Suppose -2*m = 2*a - 48 + 10, -a - 2*m + 19 = 0. Let c = 110 - a. Is c a prime number?
False
Let z be 336/9*(-9)/(-4). Let a = 3 + -3. Suppose -p = -b + z, 3 = -3*p - a. Is b a composite number?
False
Let p be (8/(-10))/((-4)/10). Suppose 34 + 4 = p*g. Is g a prime number?
True
Let k be ((-232)/6)/(8/(-24)). Suppose 2*s - 4*s = -k. Is s prime?
False
Suppose 4*o = 12, 0 = 3*r + 2*r + 2*o - 26. Suppose r*i = -2 - 14. Let h(p) = -p**3 - 3*p**2 - 4*p + 3. Is h(i) a composite number?
True
Let l(p) = p. Let g be l(2). Let i(t) = g*t + 5*t**2 - 1 + 16*t**2 - 3*t. Is i(-1) composite?
True
Suppose 4*t - 50 = 2. Let a be (t - (-3 - -6))/2. Let n(h) = 43*h - 4. Is n(a) composite?
False
Let d = -30 - 32. Let j = 159 + d. Is j composite?
False
Suppose -1 - 6 = -c. Is c a prime number?
True
Let w = 1884 - 1139. Is w a composite number?
True
Let h(u) = -u**3 - u**2 - u + 412. Let z be h(0). Suppose 4*d + 5*g = 205, 4*g + 149 = -5*d + z. Is d prime?
False
Let p(q) = 3*q**2 - 3*q + 3. Let k be p(-4). Let z = k + -26. Is z composite?
False
Let q(w) = 43*w - 3. Let b = 17 - 9. Let v be q(b). Suppose 3*p - o = v, -3*o = 5*p - o - 561. Is p a prime number?
True
Let n(c) = 2*c**2 - 5*c - 4. Let s be n(6). Let b(w) = -4*w**3 + 5*w**2 + 2*w - 3. Let a be b(-3). Let x = a - s. Is x a prime number?
False
Suppose 0 = -0*h + 4*h - 32. Suppose -9 = 5*p - h*p. Is (-29)/(-5) + p/15 a composite number?
True
Suppose -178 = 8*m - 10*m. Is m composite?
False
Suppose -5*n - 2500 = -3*b, 0 = -4*b + 3*n + n + 3336. Is b composite?
True
Is 0 + 8132/(0 + 4) a composite number?
True
Let p be (1 - 0) + (3 - 4). Let s be (4 - 4)/(p + 2). Suppose w - 35 = -0*w + 2*l, s = -w + l + 36. Is w a composite number?
False
Let u be 3/(-18) - 7/(-6). Let y be (-1)/(-4) - u/4. Suppose y = -i + 20 - 5. Is i a composite number?
True
Suppose -2*o = -4, o = -4*t + 2*o - 282. Let p be (-1)/(-4) + t/(-8). Let h(r) = r**3 - 9*r**2 + 6*r + 3. Is h(p) a composite number?
True
Let f(u) = -3*u - 11. Is f(-10) composite?
False
Suppose -b - 93 = -4*b. Is b a prime number?
True
Is -3 + (408/2 - 0/1) a composite number?
True
Let u be 3/6*2 + 2000. Let t be (-1)/6 - u/(-18). Suppose -4*l - 4*f + 124 = 0, l - 3*f = -2*l + t. Is l a prime number?
False
Suppose -4*k + 40 = 164. Let h = k + 53. Let r = 37 - h. Is r a composite number?
True
Let z be (-1 - -3)*(31 - 3). Let b be 2/1 + 3 + z. Suppose -4*q + b - 8 = h, 2*q - 2 = 0. Is h composite?
True
Let b = -298 - -807. Let r = b + -304. Is r a prime number?
False
Suppose 0 = -4*k, -3*q + 0*k + 12 = 3*k. Suppose 0 = q*c - c. Is 4 + 65 + c/1 prime?
False
Let a(w) = -11 + 11*w**2 + 11*w - 3*w + 4*w**3 - 3*w**3. Is a(-9) composite?
False
Suppose -4*d - 4 + 16 = 0. Suppose -d*u = -13 + 1. Suppose u*b = 2*j + 348, 5*b = 3*b - 5*j + 174. Is b prime?
False
Suppose -4 - 136 = 5*l. Let y(z) = -30*z - 3. Let v be y(-2). Let n = v - l. Is n prime?
False
Let c = -6 + 11. Suppose -40 = -c*y + 595. Is y a composite number?
False
Is 328 + 7/(28/12) a prime number?
True
Let c(m) = 30*m - 4. Suppose 29 = 5*n + 4. Let l be c(n). Let f = l - 31. Is f a composite number?
True
Let n(d) = 3*d**3 - 2*d**2 + d. Let t be n(1). Let m be ((-265)/(-10))/(3/6). Suppose -t*x + 3*x = m. Is x a composite number?
False
Let c be ((-3)/(-2))/(9/12). Suppose 2*b + 138 = r, -3*r - c*r = b - 646. Suppose -5*h + 325 = -r. Is h a prime number?
False
Suppose 5*t = -91 + 6. Suppose -11*b = -6*b + 120. Let h = t - b. Is h a composite number?
False
Let m = 9 - 9. Suppose -395 = -3*s + q, m*s - 3*s + 5*q = -379. Is s prime?
False
Let f be -15*(15/9 - 1). Suppose 52 = m + 11. Let v = f + m. Is v prime?
True
Let z be 3 + (2 - (-3 - 8)). Suppose -2*u + 4 = -2. Let f = u + z. Is f prime?
True
Let w(d) = 3*d**3 + 1. Let n be w(1). Suppose -q + b = -80, 9*b - n*b = -q + 74. Is q prime?
True
Let a(n) = -n + 11. Let y be a(10). Let c be y/3*(18 + 3). Suppose -c*k = -4*k - 12. Is k a prime number?
False
Let z(q) = 4*q**3 + q**2 + 7*q - 9. Is z(5) prime?
False
Suppose 9 = 3*h + 2*c - 0, -4*c = 5*h - 13. Suppose 2*x + 3*x = 3*p + 1159, h*p - 709 = -3*x. Is x composite?
False
Let f = -17 - -202. Let w = f + -79. Let o = -73 + w. Is o a composite number?
True
Suppose 67 = w - 285. Let s = -205 + w. Is (-1)/((6/(-2))/s) a prime number?
False
Let x be 2/4*0 + 0. Suppose 5*p + 0*p = x. Suppose -o + 201 = -p*o. Is o a prime number?
False
Let x(z) be the second derivative of z**3/3 - 5*z**2/2 - 2*z. Let f be x(5). Suppose f*d - 94 = 4*c, -3*c - 58 = -3*d - c. Is d prime?
False
Suppose -4*k + 4908 = -30848. Is k a prime number?
False
